and 99605?
55
What is the greatest common factor of 12 and 35031?
3
Calculate the highest common factor of 292261 and 97.
97
What is the highest common divisor of 3780 and 176610?
210
Calculate the highest common divisor of 16 and 1450832.
16
Calculate the greatest common divisor of 3569 and 1204.
43
What is the highest common divisor of 6580 and 1820?
140
What is the highest common factor of 619106 and 68?
34
Calculate the highest common factor of 196469 and 442.
221
Calculate the highest common divisor of 67130 and 980.
490
What is the greatest common factor of 22439 and 18?
1
Calculate the highest common divisor of 187 and 517.
11
What is the greatest common divisor of 2617 and 1?
1
What is the greatest common divisor of 212073 and 5352?
669
What is the highest common divisor of 50676 and 21156?
492
Calculate the highest common factor of 6630 and 66130.
170
What is the greatest common factor of 42 and 30396?
6
Calculate the greatest common divisor of 714 and 76041.
357
Calculate the highest common divisor of 1751 and 5661.
17
Calculate the greatest common factor of 8460 and 117500.
940
What is the highest common factor of 145270 and 199?
199
Calculate the greatest common divisor of 54514 and 388.
194
Calculate the highest common factor of 3082389 and 969.
969
Calculate the greatest common divisor of 83622 and 6336.
66
What is the greatest common factor of 598 and 11086?
46
Calculate the highest common factor of 2724 and 14088.
12
What is the greatest common factor of 12 and 404?
4
Calculate the highest common divisor of 31588 and 12814.
298
Calculate the highest common factor of 168 and 4956.
84
Calculate the greatest common factor of 36204 and 48.
12
What is the highest common factor of 77264 and 137846?
878
What is the highest common divisor of 11537 and 973?
139
Calculate the highest common divisor of 324 and 204.
12
Calculate the greatest common factor of 7330 and 215.
5
Calculate the greatest common factor of 663 and 345462.
39
Calculate the highest common factor of 422 and 20114.
2
What is the highest common factor of 129626 and 1316?
658
What is the greatest common factor of 674160 and 159?
159
What is the highest common divisor of 37706 and 102?
34
Calculate the greatest common factor of 348 and 6528828.
348
What is the greatest common divisor of 13 and 9831133?
13
Calculate the highest common factor of 1078 and 13244.
154
Calculate the highest common factor of 274245 and 1410.
705
What is the highest common factor of 234 and 2358?
18
What is the greatest common factor of 3360 and 9030?
210
Calculate the highest common divisor of 12045 and 133155.
165
What is the greatest common factor of 35 and 5395?
5
Calculate the greatest common divisor of 1382232 and 192.
24
Calculate the greatest common divisor of 66156 and 222.
222
What is the highest common divisor of 425 and 492150?
425
What is the greatest common factor of 55 and 32967?
11
Calculate the highest common divisor of 15462 and 1135598.
1718
Calculate the highest common factor of 6982 and 2.
2
Calculate the highest common divisor of 12540 and 7296.
228
Calculate the greatest common divisor of 12395 and 5920.
185
Calculate the highest common divisor of 27 and 803493.
27
What is the highest common divisor of 19601 and 544?
17
Calculate the highest common factor of 126239 and 41.
41
What is the highest common divisor of 48 and 347?
1
Calculate the highest common divisor of 10 and 57125.
5
Calculate the highest common factor of 228447 and 126.
9
Calculate the greatest common divisor of 33352 and 64.
8
Calculate the highest common divisor of 34496 and 5096.
392
Calculate the greatest common factor of 45349 and 1796.
449
What is the highest common divisor of 72 and 14146452?
36
Calculate the highest common divisor of 15696 and 9374.
218
What is the highest common divisor of 1068 and 39?
3
What is the greatest common factor of 763 and 25615?
109
Calculate the highest common factor of 84688 and 134.
134
What is the greatest common divisor of 9798 and 1065?
213
What is the highest common divisor of 7000 and 271000?
1000
What is the highest common factor of 160 and 1363280?
80
Calculate the highest common divisor of 14 and 62643.
7
Calculate the greatest common divisor of 15979 and 76.
19
Calculate the greatest common factor of 3498 and 858.
66
Calculate the greatest common factor of 1268 and 2469113.
317
What is the greatest common factor of 136 and 101608?
8
Calculate the greatest common factor of 1892447 and 346.
173
What is the highest common divisor of 387980 and 1520?
380
What is the highest common factor of 21235 and 65760?
685
Calculate the highest common divisor of 10780 and 39204.
44
What is the highest common factor of 306882 and 162?
54
What is the greatest common factor of 819 and 15106?
91
Calculate the highest common factor of 135725 and 890.
445
What is the highest common divisor of 224144 and 48?
16
What is the greatest common divisor of 391234 and 53082?
1966
What is the highest common divisor of 57021 and 25419?
687
What is the highest common divisor of 2216556 and 4140?
828
Calculate the greatest common divisor of 14910 and 810.
30
Calculate the greatest common factor of 16 and 1678504.
8
Calculate the highest common divisor of 28 and 317048.
4
What is the greatest common factor of 627 and 12863?
19
What is the greatest common divisor of 2301 and 257283?
39
What is the highest common divisor of 47616 and 30336?
384
Calculate the greatest common divisor of 2794 and 77528.
22
What is the greatest common factor of 8211733 and 109?
109
What is the greatest common divisor of 608 and 184384?
32
What is the highest common factor of 2206 and 534?
2
What is the highest common divisor of 230516 and 2046?
682
What is the greatest common divisor of 260542 and 194?
194
Calculate the highest common factor of 1280 and 5040.
80
Calculate the greatest common factor of 450918 and 1326.
78
What is the greatest common divisor of 26 and 912145?
13
Calculate the greatest common factor of 697 and 24055.
17
What is the greatest common divisor of 20221642 and 406?
406
What is the greatest common factor of 5909 and 798?
19
What is the greatest common factor of 319 and 1790547?
319
What is the greatest common divisor of 175 and 396125?
25
Calculate the greatest common divisor of 16372 and 10.
2
Calculate the greatest common factor of 106560 and 1221.
111
What is the highest common divisor of 52370 and 30?
10
What is the highest common factor of 20173 and 5?
1
Calculate the highest common factor of 6298 and 94.
94
What is the greatest common divisor of 300 and 1725?
75
Calculate the highest common divisor of 368262 and 252.
18
Calculate the greatest common factor of 6631 and 38.
19
Calculate the greatest common divisor of 102136 and 170.
34
What is the greatest common divisor of 4641 and 18921?
357
Calculate the highest common factor of 8166 and 3072.
6
Calculate the greatest common divisor of 159824 and 448.
112
What is the highest common factor of 1903440 and 2970?
330
What is the highest common factor of 1068 and 34548?
12
What is the greatest common factor of 25 and 820?
5
Calculate the greatest common factor of 154 and 215677.
77
Calculate the highest common factor of 4 and 1104256.
4
What is the greatest common factor of 11877 and 2220?
111
What is the greatest common divisor of 1674 and 8618?
62
What is the highest common divisor of 8690 and 230?
10
What is the greatest common factor of 1236443 and 65?
13
What is the greatest common divisor of 568326 and 6540?
654
What is the greatest common factor of 4836 and 363909?
1209
Calculate the greatest common factor of 154 and 20262.
22
What is the highest common factor of 220482 and 162?
162
What is the greatest common divisor of 466 and 107?
1
Calculate the highest common factor of 25440 and 9222.
318
Calculate the greatest common divisor of 808 and 1688.
8
What is the greatest common factor of 126 and 7362?
18
Calculate the highest common factor of 2481 and 1710236.
827
What is the greatest common factor of 72 and 690432?
24
Calculate the highest common divisor of 107236 and 8.
4
Calculate the greatest common factor of 505488 and 192.
48
What is the highest common factor of 406120 and 140?
20
Calculate the greatest common divisor of 9900 